rue
Suppose 4005963 + 750878 = 58*n - 13146773. Is n a composite number?
True
Let r = 573 - -192. Suppose -3295 = -5*u - 5*l + r, 3*u + 4*l = 2441. Is u a composite number?
True
Let i(j) = -59*j**3 - 57*j**2 - 721*j - 60. Is i(-21) a composite number?
True
Let v(f) = 3125*f**2 + 14*f - 2. Is v(-1) a prime number?
True
Let r(u) be the second derivative of u**5/4 - 7*u**4/6 + 11*u**3/3 + u**2/2 - 9*u. Is r(10) composite?
False
Let i(d) = 4*d**2 + 4. Let t be i(2). Suppose -13*g - 9730 = -t*g. Is g/4 + 1/(-2) a composite number?
False
Suppose -13*k + 12*k + 8 = 0. Suppose -2*b = -5*v + 12, v - 5*b + k = -8. Suppose 3*y + 142 = 2*p, p - 179 = -2*p - v*y. Is p a composite number?
True
Suppose -19*t - 10*t + 7*t = 0. Suppose -4*l + 3*s + 36136 = t, 6*s - 5*s + 4 = 0. Is l composite?
True
Let y be (-3)/9 - (-1983)/9. Let n = -2067 - -2070. Suppose n*i - y = 29. Is i a prime number?
True
Let l(k) = -k**2 + 12*k - 32. Let m be l(8). Let z(s) = 2*s**2 - s - 2593. Let w be z(m). Let g = w - -4746. Is g a composite number?
False
Let h(a) = -66*a**3 - 23*a**2 - 34*a + 34. Is h(-11) a composite number?
True
Let c = -2090 - -3240. Suppose -4*z + c = 3*r, 827 - 60 = 2*r + 3*z. Is r a composite number?
True
Let k = 554 - 2067. Suppose -3*j = 2*j + 2730. Let v = j - k. Is v composite?
False
Let k(n) = -47367*n - 857. Is k(-18) a prime number?
True
Is 3/(-3)*(-162 - 37331) composite?
False
Let t = 401 - -2590. Is t a prime number?
False
Suppose 8591875 = 65*d - 1688508 + 254588. Is d prime?
True
Suppose 0 = 6*q - q - 5. Let j be q/(1*(-2)/(-9414)). Suppose 5*b + j = 17222. Is b prime?
True
Suppose -4*h + 128 = -6*h. Let i = -60 - h. Suppose 4*f - 1210 = -5*p, 3*p - p = -i*f + 1216. Is f a composite number?
True
Let s(f) = -35*f**2 - 78*f - 22. Let m(p) = -36*p**2 - 80*p - 21. Let i(a) = -3*m(a) + 2*s(a). Is i(-21) a composite number?
False
Let i = 416667 + -142308. Is i a prime number?
False
Let b be 5*-1 + -14*(-12)/42. Is ((-7)/(21/(-5730)))/(b - -3) prime?
False
Let j(o) = 13*o**2 - 15*o + 23. Let r(w) = w**2. Let l(g) = j(g) + 4*r(g). Is l(12) prime?
False
Is (-3 + 376854/348)*198 - (-18)/261 a composite number?
True
Let y(r) = 40*r**2 - 35*r - 211. Let c be y(-39). Let t = -37407 + c. Is t prime?
False
Let q(o) = -o**3 + 31*o**2 - 32*o + 62. Let x be q(30). Let h be 1/2 - (-2)/4. Suppose -3*f + 5 = -h, a + x*f = 747. Is a a prime number?
True
Let j be (10 - 5) + 0 + 0. Suppose -5215 = -4*d + j*s, -2*d = -5*s + 1544 - 4139. Suppose 5*f + d = 5*l, 3*l + 4*f - 794 = -f. Is l a composite number?
False
Let n(y) = -105*y**2 + 8*y - 3. Let d be (8 - 3)/((-2)/(-2)). Let f(j) = 52*j**2 - 4*j + 1. Let l(q) = d*f(q) + 2*n(q). Is l(3) a prime number?
False
Suppose 4*i - 44 - 100 = 0. Let d be (-14)/(-49) + (-1)/((-21)/i). Suppose 2*v + 0*v = 10, z + d*v - 149 = 0. Is z a prime number?
True
Suppose 0 = 5*d - 10, d = -4*n - 3*d + 52. Suppose 4*f + 3 = n. Is (27/18)/(f/724) prime?
False
Let u = -15 - -23. Is ((-17882)/u)/(2/(-8)) composite?
False
Let k = 466257 - 100952. Is k a composite number?
True
Suppose 4*o - 2*r = 0, -r = 5*o - 0*r. Let d be ((-1 - 0) + 0)*o. Suppose -2*q = -5*c + 1971, d*q = c + q - 390. Is c composite?
True
Let n(j) be the second derivative of 665*j**3/6 - 11*j**2/2 + 21*j. Is n(2) a prime number?
True
Suppose 2*x - 2882 = -4*m, -m + 3*m = -3*x + 1447. Let a = m + -272. Suppose 4*w - w - a = 0. Is w a prime number?
True
Suppose -7*b + 5*b - 5*b + 5491241 = 0. Is b a prime number?
True
Suppose -44*z + 37563 = 5*g - 48*z, -7530 = -g - 5*z. Let o = g + -5078. Is o prime?
True
Suppose 36*t = 2119755 + 1311441. Is t composite?
False
Let h = -31437 - -12324. Let g = -10136 - h. Is g a composite number?
True
Is 539441/4 + (-297)/(-396) prime?
False
Let k be (-5)/2*24/60. Let y be (-2 - -3)*2/k. Is 1/((-6)/471*y/4) a composite number?
False
Let b(c) = -c**2 + 23*c + 26. Let h be b(23). Suppose 0 = 4*v + 2*o - h, -v + 5 + 3 = o. Is (-5)/2*-1678*v/25 prime?
True
Suppose -3*i = 11*i - 126. Suppose 0 = -4*w + i*w - 35045. Is w prime?
False
Suppose 4*i - 648 = -2*b, -5*i - 648 = 2*b - 4*b. Let h(m) = 6*m - 168. Let g be h(46). Suppose b = 2*v - 5*t + g, v + 3*t = 97. Is v a composite number?
False
Is ((-250782)/5 - -1)/(1043/(-5215)) a prime number?
True
Let r(v) = 42195*v + 328. Is r(1) a composite number?
True
Is 177950 - (-1)/(-3)*-33 a prime number?
False
Suppose 0 = 5*h - 5*x - 1165, 3*x - 470 = -2*h + 4*x. Suppose h*j + 7582 = 239*j. Is j a composite number?
True
Suppose -3*b - 5*j + 22221 = 0, -3*j = -2*b + 17303 - 2451. Is b prime?
True
Let x be (4 - 13) + (-2 - (0 + -5)). Let j(d) = -2223*d + 43. Is j(x) prime?
True
Let g(m) = 20*m**2 - 2*m + 29. Let y(q) = 7*q**2 - q + 10. Let l(h) = 6*g(h) - 17*y(h). Let a be l(-4). Suppose a = -x + 367 + 790. Is x composite?
True
Suppose -21*n + 206125 = 4*n. Let g = 17444 - n. Is g prime?
True
Let y be ((-129)/(-9))/((-6)/108). Let d = -116 - y. Is d a prime number?
False
Let s(q) = q**3 + 11*q**2 - 10*q + 28. Let z be s(-12). Suppose -639 = -5*f - z*c, -126 = -f - 10*c + 11*c. Is f a composite number?
False
Let o(r) = 6*r - 32. Let q be o(4). Is 6 + -6 - (q + -8343) composite?
True
Suppose -2146*b + 2165*b = 3863669. Is b prime?
True
Let t = -2296644 + 3528815. Is t a prime number?
True
Let i(g) = -g**3 - g**2 + 1. Let p(w) = 32*w**3 + 6*w**2 + 7*w - 1. Let n(o) = -i(o) - p(o). Is n(-5) a composite number?
True
Let x = -593309 - -1008166. Is x composite?
False
Let k(i) = -7703*i**3 + 15*i**2 + 15*i - 3. Is k(-2) a prime number?
True
Let d(b) = -b**3 - b**2 - 7*b + 2221. Let k be d(0). Suppose -s - 38231 = -m + k, 0 = -m - 3*s + 40456. Is m a prime number?
False
Let d(z) = 174*z**3 + z**2 + z + 29. Is d(8) a prime number?
True
Suppose -26*h - 1581321 = -29*h + 4*i, 4*h - 2108252 = -24*i. Is h a composite number?
False
Suppose 774*s - 778*s = -12. Suppose 2*j = 2*a + 17714, 5*a - 44305 = -s*j - 2*j. Is j prime?
False
Let n = -601 + 729. Is 160/n - 125806/(-8) prime?
True
Let i be (-3 - (-963)/12)/((-15)/(-40)). Suppose -r + 198 = n, r = 5*n + i + 16. Suppose 0 = 2*u + 3*a - 499, a = u - r - 50. Is u a prime number?
True
Let o be (5 - 5710)/(0 + -1). Suppose -167*j + o = -162*j. Is j a prime number?
False
Let p(w) = -w + 5. Let a be p(-3). Suppose a*t = 189850 + 66030. Is t a prime number?
False
Let d(k) = -4*k - 47. Let b(y) = 9*y + 94. Let i(z) = -3*b(z) - 5*d(z). Let o be i(-22). Let t = o + 362. Is t a prime number?
False
Let w(v) = -v**3 - 19*v**2 + 21*v + 30. Let k be w(-20). Is -3*(-32931)/45 - 4/k composite?
True
Suppose 0 = 20*a + 56609 + 66801 - 443710. Is a a prime number?
False
Suppose -588*d + 584*d = -124. Suppose -d*g + 71453 = -69318. Is g a composite number?
True
Is (2*3/6)/((-25)/(-146275)) a prime number?
True
Suppose 0 = 3*v - 8*v + 100. Let b(g) = 3*g**2 - 6*g - 28. Let d be b(v). Is d/5 - (3/(-5) - 0) composite?
False
Let i = 60 + -56. Suppose -5*r + 2 = -2*a, i*r - r - 4*a = 4. Suppose r = 5*v - 6*v + 1261. Is v a composite number?
True
Let n = -45 + 69. Let b(a) = 16*a**2 - 26*a - 74. Is b(n) a prime number?
False
Let b(p) = -11*p**3 + 5*p - 4. Let f be b(1). Is (-16)/40*f - (1 - 1358) a prime number?
True
Suppose -c = -3*a - 29454, -2*c - 5*a = -a - 58878. Suppose -132*j + 127*j - c = 0. Let i = j + 11056. Is i composite?
False
Suppose 3*n - 836087 = 936*i - 940*i, -3 = -3*n. Is i a prime number?
True
Let q be 6*(3 + 30/(-12)). Suppose 18*y = 16*y + 4, 0 = -2*h - q*y + 17212. Is h a prime number?
False
Let q be 1/(-8 - (-89)/11). Suppose -79526 = -23*x - q*x. Is x a prime number?
True
Suppose 19*u = 289*u - 56971890. Is u a composite number?
False
Suppose 0 = -3*a - 3*s + 689223, 3*a - 105*s = -101*s + 689223. Is a a prime number?
False
Let z = -57 + 61. Suppose -8037 = -z*p - 1889. Is p a prime number?
False
Let r(k) = -k**3 + 5*k**2 + 12*k + 7. Suppose -2*s + 5*l = -0*l + 7, 0 = 2*s - 3*l + 9. Is r(s) a composite number?
False
Suppose 5*z - 495405 = 5*s, -2*z + 198148 = 4*s + s. Is z a prime number?
True
Let f = 136718 + 265221. Is f composite?
False
Let d be (-13 - (-66)/6)/(1 - 2). Suppose -d*g + 1769 = -737. Is g a composite number?
True
Suppose -10*u - 8*u = -1013994. Is u a composite number?
False
Let o(g) = -329*g - 474. Let z(c) = -17*c + 21. Let n be z(2). Is o(n) prime?
True
